- k. What is the remainder when 4 is divided by j?
0
Suppose -7*q - 2*s + 16 = -2*q, 5*s - 15 = 0. Suppose -32 = -2*z - q*o, -z - 6*o + o = -28. Calculate the remainder when 49 is divided by z.
10
Let s(p) = 83*p - 6. Calculate the remainder when 290 is divided by s(1).
59
Let l(a) = 18*a**3 + a**2 + 5*a - 4. Calculate the remainder when l(2) is divided by 54.
46
Let q(t) = 2*t**2 + t - 107. Calculate the remainder when q(-10) is divided by 17.
15
Let c be (-4)/(-6) - 980/(-6). Let w = c + -142. What is the remainder when 41 is divided by w?
19
Let j = -44 + 304. What is the remainder when j is divided by 40?
20
Suppose 9 = -3*u + 4*u - w, -4*w = 5*u - 63. Let f(v) = -v**2 + 13*v - 13. What is the remainder when 24 is divided by f(u)?
6
Let x be -3*(0 + (-20)/(-12)). Let v = 49 - x. Let h = 26 - 12. Calculate the remainder when v is divided by h.
12
Let t = -40 - -71. Suppose 22 = a - l, 0 = -3*a - 3*l + 6 + 72. Suppose 12*u = 9*u + a. Calculate the remainder when t is divided by u.
7
Let q(s) = -s**2 + 12*s - 19. Let p be q(13). Calculate the remainder when (18/(-8))/(6/p) is divided by 11.
1
Let o = -50 + 100. Let c = 59 - o. What is the remainder when 17 is divided by c?
8
Let v be -5 - (1 + 0 - 4). Calculate the remainder when (5 + -1*81)/(v + 0) is divided by 10.
8
Let h(c) = -c**3 - 17*c**2 - 9*c - 113. Calculate the remainder when 158 is divided by h(-17).
38
Let j(k) = k**2 - 5*k + 1. Let b(q) = q**3 - 9*q**2 + 4*q + 75. Calculate the remainder when j(6) is divided by b(7).
2
Suppose o = 3*n + 3*o - 37, -3*n + 36 = 3*o. Suppose 24 = 17*x - n*x. Calculate the remainder when 11 is divided by x.
5
Let i(b) = -b**2 - 4*b - 1. Let p be i(-5). Let x(n) = -6*n + 6. Let v be x(p). Suppose 11 = -j + v. Calculate the remainder when j is divided by 8.
7
Suppose -m - 70 = 4*p, 3*p - 131 = 2*m + 2*p. Let t = -65 - m. What is the remainder when t is divided by 0/((-2)/(-2)) + 1?
0
Let y = -6 - -10. Let v = -186 + 196. Calculate the remainder when v is divided by y.
2
Suppose b + 3*b - 24 = 0. Suppose 0 = 3*p - b - 18. Calculate the remainder when 23 is divided by p.
7
Let k = 343 - 291. Calculate the remainder when 121 is divided by k.
17
Let w = 11 + -11. Suppose 2*g + g + 5*b - 20 = 0, w = 4*b - 4. Suppose -g*f = -0*z + 2*z - 79, f + 3*z - 21 = 0. What is the remainder when 56 is divided by f?
11
Let y = -1113 + 1174. Calculate the remainder when y is divided by 14.
5
Let q be -3*(4 - 26/(-3)). Let s = 83 + q. Calculate the remainder when s is divided by 12.
9
Suppose -39 = 3*r + 39. Let x = -13 - r. Calculate the remainder when 23 is divided by x.
10
Let o = 6 + -3. Suppose -u + x = -23, 4*x + 41 + 27 = o*u. Suppose 3*d + m = d + 12, m = -5*d + u. What is the remainder when 6 is divided by d?
2
Let y(c) = 2*c**2 - 5*c - 5. Suppose -98 - 7 = -3*n. Calculate the remainder when n is divided by y(-2).
9
Let z be 3/(-7) - (-192)/56. Suppose z*p + 5*c = 69 - 20, 3*p = 4*c + 58. Let d = -16 + p. What is the remainder when 3 is divided by d?
1
Suppose -988*c = -981*c - 70. Calculate the remainder when 45 is divided by c.
5
Let h(m) = m - 3. Let c be h(6). Suppose 35 = c*s + 8. Suppose -146 = -4*l - 2*p, -5*l + p + 4*p = -145. What is the remainder when l is divided by s?
7
Suppose -5*u = -u - 8. Suppose u*l - 5*l = -12. Suppose 0*w = -l*w + 4. What is the remainder when w is divided by 1?
0
Calculate the remainder when 126 is divided by -8*(45/20 + -5).
16
Let r = 210 - -262. What is the remainder when r is divided by 95?
92
Let a(m) = -2*m + 3*m - 9 + 7 - 5. Let b = 1 + 6. What is the remainder when b is divided by a(12)?
2
Let b = 1765 - 1707. What is the remainder when b is divided by 6?
4
Let h(g) = -3*g**3 - 2*g**2 + 5*g + 6. Calculate the remainder when h(-3) is divided by 27.
0
Let x(u) = -u**2 + 52*u - 150. What is the remainder when x(46) is divided by 22?
16
Suppose -228*g - 810 = -232*g - 2*l, -g + 210 = -2*l. What is the remainder when g is divided by 2?
0
Suppose d - 8 = -5. Suppose 0 = -4*l + 189 - 177. Calculate the remainder when l is divided by d.
0
Suppose -6 = -4*o + 18. Calculate the remainder when 53 is divided by o.
5
Let a(y) = y**2 - y + 4. Suppose 16 = 4*d - 0. Let c be a(d). Let o = c - 13. Calculate the remainder when 6 is divided by o.
0
Suppose -5*d - 12*u + 17*u = -620, -3*d + 392 = u. What is the remainder when d is divided by 12?
9
Let t be ((-81)/2)/3*(4 - 14). Let y = t - 90. Calculate the remainder when 88 is divided by y.
43
Let y(g) = 13*g + 1. Let b be y(5). Let o = -60 + b. What is the remainder when 23 is divided by o?
5
Let i(q) = -q**3 + 2*q**2 + q - 3. Let g be i(1). Calculate the remainder when 133 is divided by ((-75)/10)/(g/6).
43
Let p = 169 + 116. Calculate the remainder when p is divided by 41.
39
Let g(n) = -2*n**3 - n**3 + 4*n**3 + 0*n**2 + n + 7*n**2 + 4. What is the remainder when g(-6) is divided by 4 + (1/1 - -13)?
16
Suppose 0 = -2*i + 3*g + 20, 2*g = -3*i + g + 8. Calculate the remainder when (-336)/18*3/(-2) is divided by 720/32*(i/(-6))/(-1).
13
Let p = 455 - 402. Calculate the remainder when 182 is divided by p.
23
What is the remainder when (-2 - (-42)/20) + 90629/1210 is divided by (-3)/(6/(-20)) + 1?
9
Calculate the remainder when 78 is divided by (-1 - -3) + (-3)/(15/(-10)).
2
Suppose 0 = -0*x - 2*x - 40. Let z = -15 - x. Suppose 3 = s - 0. Calculate the remainder when z is divided by s.
2
Let c(x) = 0*x + 4*x - 3*x + x - 8. Let r be c(4). Suppose 5*t - 5*n - 100 = r, 0*t + 2*n + 24 = t. What is the remainder when 62 is divided by t?
14
Let s = -1437 - -2580. What is the remainder when s is divided by 52?
51
Suppose -38 = -5*v - 3*q, -v + 5*q + 51 - 21 = 0. Calculate the remainder when 33*2*(-2)/(-12) is divided by 12/v*20/(-12)*-3.
5
Suppose 8*z - 37 - 3 = 0. Suppose -3*g = -4*l - 2*g + 51, 21 = 2*l - z*g. Calculate the remainder when 33 is divided by l.
7
What is the remainder when 527 is divided by (131/(-7))/((-36)/252)?
3
Suppose 195 = -22*f + 19*f. Let r = f - -68. What is the remainder when 5 is divided by r?
2
Let k(f) = f**3 - 6*f**2 - 8*f - 27. Let n be k(8). Suppose -5*j + 193 + n = 0. Calculate the remainder when j is divided by 12.
10
Suppose 0 = 5*i - 8*i + 99. Suppose 4*z = q - i, -z - 17 = -4*q + 55. What is the remainder when 49 is divided by q?
15
Suppose 13 = 5*w - 4*w + 3*s, 5*s = -w + 3. What is the remainder when 194 is divided by w?
26
Suppose 6*b + 276 = 10*b. Suppose 4*m = -3*z + 34, -2 = -2*z - 5*m + 16. Calculate the remainder when b is divided by z.
13
Suppose 144 = 847*a - 841*a. Calculate the remainder when 49 is divided by a.
1
Let u(w) = -22*w - 9. Let v be u(-7). Suppose -3*x + v = 2*x. Let o(g) = g**2 + 2*g - 5. What is the remainder when x is divided by o(-5)?
9
Let c be ((-6)/2)/((-6)/216). Suppose -16*r = -22*r + c. What is the remainder when 26 is divided by r?
8
Let j(o) = o**3 - 10*o**2 - 14*o + 43. Calculate the remainder when j(15) is divided by 96.
94
Suppose 0 = -4*d - 276 + 748. Let g = d - 86. Calculate the remainder when 158 is divided by g.
30
Let j be 191/5 - 4/20 - -2. Let t = -36 + j. Calculate the remainder when 11 is divided by t.
3
Let w(b) = 25*b**2 + 8*b + 9. What is the remainder when w(-4) is divided by 63?
62
Let v be 4/6*-1*12/2. Calculate the remainder when v*258/(-20) - (-6)/15 is divided by 9.
7
Let v(z) = z**2 - 5*z + 3. Let r be v(4). Calculate the remainder when 0 + 10/(-5) - -70 is divided by ((-23)/1)/(0 + r).
22
Let o(z) = -z**2 - 10*z - 6. Let i = -18 + 12. Calculate the remainder when 2/(-3) + (-346)/i is divided by o(-7).
12
Let t = 14 + -7. Suppose t*n - 37 - 47 = 0. Let r = 1 + 42. What is the remainder when r is divided by n?
7
Let t be ((-5)/20)/(-1) + (-180)/16. Let p(o) = -o**3 + 8*o + 16 - 4*o + 7*o - 10*o**2. Calculate the remainder when 62 is divided by p(t).
14
Let h(v) = -v + 40. Suppose 5*i - 111 = 2*u, -u + 8 = 3*u. What is the remainder when 47 is divided by h(i)?
13
Suppose 4*j - 246 = 3*v - 18, -4*j = -4*v - 232. Suppose 0 = 4*h - 5*w - 97, 0*h - 4*w - 44 = -2*h. Calculate the remainder when j is divided by h.
26
Calculate the remainder when (-4362)/(-18) + (-6)/(-9) is divided by 49.
47
Let b = -296 + 462. What is the remainder when b is divided by 17?
13
Suppose -a = -3*c - 2*c + 4, 5*a = -5*c - 20